{"id":385,"date":"2020-12-08T16:12:49","date_gmt":"2020-12-08T15:12:49","guid":{"rendered":"http:\/\/champagne-francisbougy.com\/?post_type=product&#038;p=385"},"modified":"2026-01-23T17:01:07","modified_gmt":"2026-01-23T16:01:07","slug":"champagne-brut-1-er-cru-blanc-de-noir","status":"publish","type":"product","link":"https:\/\/champagne-francisbougy.com\/?product=champagne-brut-1-er-cru-blanc-de-noir","title":{"rendered":"CHAMPAGNE Brut 1er cru"},"content":{"rendered":"<p class=\"grve-element grve-title grve-align-left grve-h3\">La cuv\u00e9e\u00a0 Premier Cru se r\u00e9v\u00e8le fruit\u00e9 et elle est l\u2019expression de majorit\u00e9 des c\u00e9pages \u00e0 peau noire champenois.<\/p>\n<p>&nbsp;<\/p>\n","protected":false},"excerpt":{"rendered":"<p>La cuv\u00e9e\u00a0 Premier Cru se r\u00e9v\u00e8le fruit\u00e9 et elle est l\u2019expression de majorit\u00e9 des c\u00e9pages \u00e0 peau noire champenois. &nbsp;<\/p>\n","protected":false},"featured_media":412,"comment_status":"closed","ping_status":"closed","template":"","meta":[],"product_brand":[],"product_cat":[22],"product_tag":[],"class_list":{"0":"post-385","1":"product","2":"type-product","3":"status-publish","4":"has-post-thumbnail","6":"product_cat-cuvee","8":"first","9":"instock","10":"taxable","11":"shipping-taxable","12":"purchasable","13":"product-type-simple"},"jetpack_sharing_enabled":true,"_links":{"self":[{"href":"https:\/\/champagne-francisbougy.com\/index.php?rest_route=\/wp\/v2\/product\/385","targetHints":{"allow":["GET"]}}],"collection":[{"href":"https:\/\/champagne-francisbougy.com\/index.php?rest_route=\/wp\/v2\/product"}],"about":[{"href":"https:\/\/champagne-francisbougy.com\/index.php?rest_route=\/wp\/v2\/types\/product"}],"replies":[{"embeddable":true,"href":"https:\/\/champagne-francisbougy.com\/index.php?rest_route=%2Fwp%2Fv2%2Fcomments&post=385"}],"wp:featuredmedia":[{"embeddable":true,"href":"https:\/\/champagne-francisbougy.com\/index.php?rest_route=\/wp\/v2\/media\/412"}],"wp:attachment":[{"href":"https:\/\/champagne-francisbougy.com\/index.php?rest_route=%2Fwp%2Fv2%2Fmedia&parent=385"}],"wp:term":[{"taxonomy":"product_brand","embeddable":true,"href":"https:\/\/champagne-francisbougy.com\/index.php?rest_route=%2Fwp%2Fv2%2Fproduct_brand&post=385"},{"taxonomy":"product_cat","embeddable":true,"href":"https:\/\/champagne-francisbougy.com\/index.php?rest_route=%2Fwp%2Fv2%2Fproduct_cat&post=385"},{"taxonomy":"product_tag","embeddable":true,"href":"https:\/\/champagne-francisbougy.com\/index.php?rest_route=%2Fwp%2Fv2%2Fproduct_tag&post=385"}],"curies":[{"name":"wp","href":"https:\/\/api.w.org\/{rel}","templated":true}]}}